e -u + 91 - 5 = 0. What is the remainder when u is divided by o?
20
Let o be ((-2)/(-6))/(12/72). Suppose -29 = -o*h + 1. What is the remainder when 42 is divided by h?
12
Suppose 0*g - 48 = -4*g. Calculate the remainder when 23 is divided by g.
11
Let z(r) = r**2 - 10*r - 15. Calculate the remainder when 45 is divided by z(13).
21
Suppose 0 = -0*f - 3*f + 6, 0 = -2*m + 2*f - 12. Let s = m - -19. What is the remainder when s is divided by 8?
7
Suppose 0 = l - 2*l - 3. Calculate the remainder when 23 is divided by l/2*24/(-6).
5
Let c = -7 + 4. Let x(h) = -2*h**3 - 2*h**2 + h. Let b(p) = p**3 - 7*p**2 + 8*p + 5. Calculate the remainder when x(c) is divided by b(6).
16
Suppose 15 = 5*j + 3*x, 2*j - 2*x - 2*x = 32. What is the remainder when 11 is divided by j?
5
Suppose 0*k - 2*k + 10 = 0. What is the remainder when 12 is divided by k?
2
Let x = -10 - -15. Suppose x*q - 100 = 5*f, 2*q - 5*f + 38 = 3*q. Calculate the remainder when 306/7 - (-12)/42 is divided by q.
21
Suppose -5*x + 16 = -x, 0 = 2*s - 4*x + 22. Let q(o) = -2*o**3 - o**2 + 2*o + 2. Calculate the remainder when 0 - s - (-6 + -19) is divided by q(-2).
8
Let a be 30 + (1 - 4) - -3. What is the remainder when 47 is divided by a/(-9)*(-24)/5?
15
Suppose 4*f = -2*c + 19 - 1, -4*c = 2*f - 12. What is the remainder when 66/10 + 24/60 is divided by f?
3
Let q(g) = -g + 1. Let j(s) = -6*s. Let m(f) = -j(f) - 3*q(f). Calculate the remainder when m(4) is divided by ((-306)/(-255))/(2/15).
6
Let x(o) = 2*o**2 - o - 21. Calculate the remainder when 179 is divided by x(6).
44
Let s be 5480/(-130) + (-4)/(-26). What is the remainder when 26 is divided by (-2)/4*(12 + s)?
11
Let m(d) = d**2 + d + 2. Let v be m(6). Let t = v - 30. What is the remainder when 41 is divided by t?
13
Suppose 23 = -5*i + 78. Let w(p) = p**3 - 8*p**2 + 2*p - 12. Let k be w(8). Let h = k - -38. What is the remainder when h is divided by i?
9
Let o(p) = 5*p + 7*p + p**3 + 1 + 1 - 10*p**2. Suppose -4*y = -2*d - 46, -2*y + 4*d + 7 + 31 = 0. Calculate the remainder when o(y) is divided by 8.
5
Let r(o) = -5*o**2 - 25*o + 29. Let v(q) = -2*q**2 - 8*q + 10. Let s(m) = -3*r(m) + 8*v(m). Calculate the remainder when 68 is divided by s(6).
22
Let v be -1 - 0 - (5 + -9). Suppose 19 = 4*k + v. Suppose -16 = 4*g + 4, g = -k*r + 107. Calculate the remainder when r is divided by 15.
13
Let v(f) = f**2 + f - 2. Suppose 6 = -l - 2*n, -2*l - 33 = -4*l + 5*n. Suppose l*o + 29 - 105 = 0. Calculate the remainder when o is divided by v(-4).
9
What is the remainder when 54 is divided by (4/(-6))/((-24)/684)?
16
Let h(b) = -b**3 + 7*b**2 - 5*b - 2. Suppose 0 = 5*d - 10*d + 35. Calculate the remainder when d is divided by h(6).
3
Let x = -7 + 12. Suppose 0 = x*t + 5*b - 200, -2*b + 25 = 3*b. What is the remainder when t is divided by 9?
8
Let o = 8 - 5. What is the remainder when o is divided by 2?
1
Let d = -1 - -3. Let o = 10 - d. What is the remainder when 23 is divided by o?
7
Let z(n) = -605*n**2 - 1. Let t be z(1). What is the remainder when t/(-54) - 4/18 is divided by -5*(2 - 28/10)?
3
Suppose -b - 33 = 2*b. Let o = b - -28. Suppose 5*a - 4*d = 237, -2*a = 3*d - 74 - 30. What is the remainder when a is divided by o?
15
Let p(x) = 2*x**2 - 4*x + 3. Let a be p(3). Suppose -4*m - 70 = -a*m. Let s = 1 + 4. Calculate the remainder when m is divided by s.
4
Let q = 13 + 0. Suppose -5*s = 3 - q. Calculate the remainder when s is divided by 2.
0
Suppose -3*d - 12 = -5*d. Let f(s) = s - 2. Let p be f(5). Suppose p*n - n - d = 0. What is the remainder when 7 is divided by n?
1
Let v = -44 + 12. Let c = v + 46. What is the remainder when 41 is divided by c?
13
Let j(h) = -h**3 + 4*h**2 - 2*h - 1. Let f(r) = r**3 + 6*r**2 - 3*r - 15. Let u be f(-6). What is the remainder when 6 is divided by j(u)?
0
Suppose 20 = 5*r - 50. What is the remainder when 40 is divided by r?
12
Let s = -39 + 60. Calculate the remainder when 39 is divided by s.
18
Suppose a - 56 = -3*a. Suppose 41 = -n + 2*n. What is the remainder when n is divided by a?
13
Suppose 4*h + 4*z = 356, -5*h + 366 = -h - z. What is the remainder when h is divided by 23?
22
Calculate the remainder when 63 is divided by (-4)/(-8)*-2*-16.
15
Suppose t + 47 + 260 = 4*u, 2*u - 4*t = 164. Suppose 0 = i - 4*m + 8*m - 26, -4*m = -2*i + u. Calculate the remainder when i is divided by 18.
16
Calculate the remainder when 50 is divided by (3 - 2)*(14 - 1).
11
Suppose 7*w + 1080 = 17*w. Calculate the remainder when w is divided by 55.
53
Calculate the remainder when 52/5 - (-10)/(-25) is divided by 6.
4
Suppose 2*z + 4*d = 82, 1 = -2*d + 3*d. Suppose -2*f + 5*f + z = k, 2*k - f = 78. Calculate the remainder when k is divided by 20.
19
Let u be ((-4)/5)/((-4)/10). Let n be 80 + u + (2 - 4). Suppose 0 = 5*k - 3*v - n, 4*k - v + 0*v - 57 = 0. Calculate the remainder when k is divided by 5.
3
Suppose -x + 3*r + 18 = -1, 4*x = -3*r + 1. What is the remainder when 13 is divided by x?
1
Let v(g) = g**3 + 6*g**2 - 6*g + 9. Let b be (1/3)/(1/(-21)). Let c be v(b). Suppose c*x = 5 + 31. What is the remainder when x is divided by 5?
3
Let v = -48 - -98. Suppose -7 = 5*r - 72. What is the remainder when v is divided by r?
11
What is the remainder when 24 is divided by 9*(-4 + 3)*-1?
6
What is the remainder when (-2)/(-16)*6*24 is divided by 4?
2
Let f = 6 - 3. Suppose x + 2*x - 4*a = 42, -3*x - 4*a = -42. What is the remainder when 166/6 - 2/f is divided by x?
13
Let o = -14 + 35. Suppose 2*h = 105 - o. Suppose c - 2 = 0, -f - 4 = 2*c - h. What is the remainder when f is divided by 12?
10
Calculate the remainder when ((-12)/20*2)/(9/(-150)) is divided by 7.
6
Suppose 2*f = f + 4. Suppose f*t - 90 = -t. Let q = t - 7. What is the remainder when 42 is divided by q?
9
Suppose -5*s + 102 = 12. Let t(x) = -29*x - 5. Calculate the remainder when t(-2) is divided by s.
17
Let m = -1 - 0. Let l be 131/(-2) - m/(-2). Let c = l + 104. Calculate the remainder when c is divided by 13.
12
Calculate the remainder when (4 - (208 + -3))*(-2)/6 is divided by (-104)/(-6) - 1/3.
16
Let t = 76 - 43. Suppose 0 = 3*s + 5*w - t, -s + 4*w = -w - 11. Calculate the remainder when s is divided by 1/((-1)/4)*-1.
3
Let p(b) = -29*b**3 - b**2. Let m be p(1). Calculate the remainder when ((-20)/(-3))/((-20)/m) is divided by 4.
2
Let r = -6 - -81. What is the remainder when r is divided by 26?
23
Suppose 0 = -22*w + 14*w + 936. What is the remainder when w is divided by 40?
37
Let x = 8 - 0. Suppose -y - 4*l = y - 10, y - 3*l = 10. Suppose 167 = y*n - 2*n - 4*h, 65 = 2*n - h. Calculate the remainder when n is divided by x.
7
Suppose -2*t = -15 - 11. What is the remainder when 24 is divided by t?
11
Let b = -21 + 23. Calculate the remainder when 2 is divided by b.
0
Let w be 24/(-9)*3/(-2). Suppose 3*b - 16 + w = 0. What is the remainder when 5 is divided by b?
1
Let y(r) = 2*r**2 - 4*r - 5. What is the remainder when y(4) is divided by 38/6 - 1/3?
5
Calculate the remainder when 51 is divided by (7 + 6)*(0 + 2).
25
Let l = 90 - 61. What is the remainder when l is divided by 6?
5
Let s(p) = -2*p**2 + 4. Let u = 1 - -4. What is the remainder when u is divided by s(0)?
1
Let m(r) = 11*r - 1. Let f(l) be the first derivative of -l**3/3 + 3*l**2/2 - l + 1. Let d be f(2). What is the remainder when 29 is divided by m(d)?
9
Let l(g) = g + 12. Let k be l(-9). Suppose -3*o + 8*o = -25, 4*i - k*o - 79 = 0. Calculate the remainder when i is divided by 9.
7
Suppose -67*w = -65*w - 478. Calculate the remainder when w is divided by 22.
19
Suppose 20*w = 7*w + 65. What is the remainder when w is divided by 5?
0
Let z = 36 - 24. Let k = 8 - 9. Calculate the remainder when -6 + 8 - 20*k is divided by z.
10
Let l(x) = x**2 - 3*x + 15. Calculate the remainder when 223 is divided by l(0).
13
Let q be (-1)/4 + (-411)/(-12). Suppose -5*g + 4*a + q = -38, g - 2*a - 12 = 0. What is the remainder when 29 is divided by g?
13
What is the remainder when -3 + 32 + (-4 - -4) is divided by 15?
14
Let r = -3 - -15. What is the remainder when 46 is divided by r?
10
Let z(f) = f**3 + 3*f**2 - 3*f + 3. Let h be z(-5). What is the remainder when (2/(-3))/(h/4176) is divided by 30?
27
Let t = 178 - 107. Let a = -48 - -72. Calculate the remainder when t is divided by a.
23
Suppose 1 =